{"id":948,"date":"2021-01-11T08:59:00","date_gmt":"2021-01-11T08:59:00","guid":{"rendered":"http:\/\/vilamorgades.es\/?page_id=948"},"modified":"2024-02-28T14:29:13","modified_gmt":"2024-02-28T14:29:13","slug":"experiencies-visita-cava-formatges-artesans","status":"publish","type":"page","link":"https:\/\/vilamorgades.es\/?page_id=948&lang=ca","title":{"rendered":"Visites"},"content":{"rendered":"\t\t<div data-elementor-type=\"wp-page\" data-elementor-id=\"948\" class=\"elementor elementor-948\">\n\t\t\t\t\t\t\t\t\t<section class=\"elementor-section elementor-top-section elementor-element elementor-element-6f05a870 elementor-section-boxed elementor-section-height-default elementor-section-height-default\" data-id=\"6f05a870\" data-element_type=\"section\">\n\t\t\t\t\t\t<div class=\"elementor-container elementor-column-gap-default\">\n\t\t\t\t\t<div class=\"elementor-column elementor-col-100 elementor-top-column elementor-element elementor-element-60f39f28\" data-id=\"60f39f28\" data-element_type=\"column\">\n\t\t\t<div class=\"elementor-widget-wrap elementor-element-populated\">\n\t\t\t\t\t\t\t\t<div class=\"elementor-element elementor-element-2da615db elementor-widget elementor-widget-text-editor\" data-id=\"2da615db\" data-element_type=\"widget\" data-widget_type=\"text-editor.default\">\n\t\t\t\t<div class=\"elementor-widget-container\">\n\t\t\t\t\t\t\t<p><!-- wp:paragraph --><\/p>\n<p>Gaudeixi amb nosaltres d&#8217;unes experi\u00e8ncies personalitzades en un entorn natural.<\/p>\n<ul>\n<li><strong>Idiomes<\/strong>: catal\u00e0, castell\u00e0, angl\u00e8s i itali\u00e0.<\/li>\n<li><strong>Horari<\/strong>: 11h &#8211; 13h. Caps de setmana i entre setmana (amb reserva).<\/li>\n<li><strong>Reserves<\/strong>: maria@vilamorgades.com \/ Tel. +34 680215746 \/ +34 627111014<\/li>\n<\/ul>\n<p><!-- \/wp:paragraph --><\/p>\n<p><!-- wp:heading {\"textAlign\":\"center\",\"level\":4,\"style\":{\"color\":{\"text\":\"#9e0039\"}}} --><\/p>\n<h4 class=\"has-text-align-center has-text-color\" style=\"color: #9e0039;\"><strong><em>Visita B\u00e0sica<\/em><\/strong><\/h4>\n<p><!-- \/wp:heading --><\/p>\n<p><!-- wp:media-text {\"mediaId\":2118,\"mediaLink\":\"https:\/\/vilamorgades.es\/?attachment_id=2118\",\"mediaType\":\"image\",\"mediaWidth\":42} --><\/p>\n<div class=\"wp-block-media-text alignwide is-stacked-on-mobile\" style=\"grid-template-columns: 42% auto;\">\n<figure class=\"wp-block-media-text__media\"><img loading=\"lazy\" decoding=\"async\" width=\"1920\" height=\"2560\" class=\"wp-image-2118 size-full\" src=\"https:\/\/vilamorgades.es\/wp-content\/uploads\/2021\/01\/Cal-Vila-3-scaled.jpg\" alt=\"\" srcset=\"https:\/\/vilamorgades.es\/wp-content\/uploads\/2021\/01\/Cal-Vila-3-scaled.jpg 1920w, https:\/\/vilamorgades.es\/wp-content\/uploads\/2021\/01\/Cal-Vila-3-225x300.jpg 225w\" sizes=\"auto, (max-width: 1920px) 100vw, 1920px\" \/><\/figure>\n<div class=\"wp-block-media-text__content\">\n<p><!-- wp:paragraph --><\/p>\n<p>La nostra visita introduct\u00f2ria per aprendre com s&#8217;elabora el cava. Coneixerem Cal Vila, visitarem la &#8216;cava&#8217;, passejarem per les vinyes i acabarem amb un petit tast dels nostres caves.<\/p>\n<p><!-- \/wp:paragraph --><\/p>\n<p><!-- wp:paragraph --><\/p>\n<p>Qu\u00e8 inclou?<\/p>\n<p><!-- \/wp:paragraph --><\/p>\n<p><!-- wp:list --><\/p>\n<ul>\n<li>Visita guiada al celler, les vinyes i l&#8217;entorn de Cal Vila.<\/li>\n<\/ul>\n<p><!-- \/wp:list --><\/p>\n<p><!-- wp:list --><\/p>\n<ul>\n<li>Tast dels nostres caves.<\/li>\n<\/ul>\n<p><!-- \/wp:list --><\/p>\n<p><!-- wp:paragraph --><\/p>\n<p>Preu: 16\u20ac per persona (m\u00ednim 4 persones)<\/p>\n<p><!-- \/wp:paragraph --><\/p>\n<p><!-- wp:paragraph --><\/p>\n<p>Reserva: maria@vilamorgades.com o&nbsp;<a href=\"https:\/\/vilamorgades.es\/?page_id=978&amp;lang=ca\">aqu\u00ed<\/a>.<\/p>\n<p><!-- \/wp:paragraph --><\/p>\n<\/div>\n<\/div>\n<p><!-- \/wp:media-text --><\/p>\n<p><!-- wp:heading {\"textAlign\":\"center\",\"level\":4,\"style\":{\"color\":{\"text\":\"#9e0039\"}}} --><\/p>\n<h4 class=\"has-text-align-center has-text-color\" style=\"color: #9e0039;\"><em>Visita Formatges<\/em><\/h4>\n<p><!-- \/wp:heading --><\/p>\n<p><!-- wp:media-text {\"mediaPosition\":\"right\",\"mediaId\":2122,\"mediaLink\":\"https:\/\/vilamorgades.es\/?attachment_id=2122\",\"mediaType\":\"image\",\"mediaWidth\":42} --><\/p>\n<div class=\"wp-block-media-text alignwide has-media-on-the-right is-stacked-on-mobile\" style=\"grid-template-columns: auto 42%;\">\n<figure class=\"wp-block-media-text__media\"><img loading=\"lazy\" decoding=\"async\" width=\"1920\" height=\"2560\" class=\"wp-image-2122 size-full\" src=\"https:\/\/vilamorgades.es\/wp-content\/uploads\/2021\/01\/A7CE7950-656E-4158-8976-7FE900FB8386_1_201_a-4-scaled.jpeg\" alt=\"\" srcset=\"https:\/\/vilamorgades.es\/wp-content\/uploads\/2021\/01\/A7CE7950-656E-4158-8976-7FE900FB8386_1_201_a-4-scaled.jpeg 1920w, https:\/\/vilamorgades.es\/wp-content\/uploads\/2021\/01\/A7CE7950-656E-4158-8976-7FE900FB8386_1_201_a-4-225x300.jpeg 225w\" sizes=\"auto, (max-width: 1920px) 100vw, 1920px\" \/><\/figure>\n<div class=\"wp-block-media-text__content\">\n<p><!-- wp:paragraph --><\/p>\n<p>Combinar vi (en aquest cas escum\u00f3s) amb formatge, sempre \u00e9s un encert, ja ho van descobrir els francesos. Amants dels formatges, aquesta \u00e9s la seva opci\u00f3 segura.<\/p>\n<p><!-- \/wp:paragraph --><\/p>\n<p><!-- wp:paragraph --><\/p>\n<p>Qu\u00e8 inclou?<\/p>\n<p><!-- \/wp:paragraph --><\/p>\n<p><!-- wp:list --><\/p>\n<ul>\n<li>Visita guiada al celler, a les vinyes i al l&#8217;entorn de Cal Vila.<\/li>\n<\/ul>\n<p><!-- \/wp:list --><\/p>\n<p><!-- wp:list --><\/p>\n<ul>\n<li>Tast dels caves acompanyats d&#8217;una selecci\u00f3 de formatges artesans.<\/li>\n<\/ul>\n<p><!-- \/wp:list --><\/p>\n<p><!-- wp:paragraph --><\/p>\n<p>Preu: 22 \u20ac per persona<\/p>\n<p><!-- \/wp:paragraph --><\/p>\n<p><!-- wp:paragraph --><\/p>\n<p>Reserva: maria@vilamorgades.com <a href=\"https:\/\/vilamorgades.es\/?page_id=978&amp;lang=ca\">aqu\u00ed<\/a>.<\/p>\n<p><!-- \/wp:paragraph --><\/p>\n<p><!-- wp:paragraph --><\/p>\n<p><!-- \/wp:paragraph --><\/p>\n<\/div>\n<\/div>\n<p><!-- \/wp:media-text --><\/p>\n<p><!-- wp:heading {\"textAlign\":\"center\",\"level\":4,\"style\":{\"color\":{\"text\":\"#9e0039\"}}} --><\/p>\n<h4 class=\"has-text-align-center has-text-color\" style=\"color: #9e0039;\"><em>Visita Saludable<\/em><\/h4>\n<p><!-- \/wp:heading --><\/p>\n<p><!-- wp:media-text {\"mediaId\":2123,\"mediaLink\":\"https:\/\/vilamorgades.es\/?attachment_id=2123\",\"mediaType\":\"image\",\"mediaWidth\":42} --><\/p>\n<div class=\"wp-block-media-text alignwide is-stacked-on-mobile\" style=\"grid-template-columns: 42% auto;\">\n<figure class=\"wp-block-media-text__media\"><img loading=\"lazy\" decoding=\"async\" width=\"1920\" height=\"2560\" class=\"wp-image-2123 size-full\" src=\"https:\/\/vilamorgades.es\/wp-content\/uploads\/2021\/01\/IMG_20200222_115950-1-scaled.jpg\" alt=\"\" srcset=\"https:\/\/vilamorgades.es\/wp-content\/uploads\/2021\/01\/IMG_20200222_115950-1-scaled.jpg 1920w, https:\/\/vilamorgades.es\/wp-content\/uploads\/2021\/01\/IMG_20200222_115950-1-225x300.jpg 225w\" sizes=\"auto, (max-width: 1920px) 100vw, 1920px\" \/><\/figure>\n<div class=\"wp-block-media-text__content\">\n<p><!-- wp:paragraph --><\/p>\n<p>Aquesta visita \u00e9s l&#8217;opci\u00f3 perfecta per als m\u00e9s saludables. &nbsp;A m\u00e9s, coneixer\u00e0s a les nostres gallines!<\/p>\n<p><!-- \/wp:paragraph --><\/p>\n<p><!-- wp:paragraph --><\/p>\n<p>Qu\u00e8 inclou?<\/p>\n<p><!-- \/wp:paragraph --><\/p>\n<p><!-- wp:list --><\/p>\n<ul>\n<li>Visita al celler, les vinyes i l&#8217;entorn de Cal Vila<\/li>\n<\/ul>\n<p><!-- \/wp:list --><\/p>\n<p><!-- wp:list --><\/p>\n<ul>\n<li>Tast dels caves acompanyats d&#8217;un &#8216;brunch&#8217; saludable (formatges artesans, pa de pag\u00e8s, oli d&#8217;oliva verge extra, fruita de temporada, etc.)<\/li>\n<\/ul>\n<p><!-- \/wp:list --><\/p>\n<p><!-- wp:paragraph --><\/p>\n<p>Preu: 24 \u20ac per persona<\/p>\n<p>Reserva a maria@vilamorgades.com<\/p>\n<p><!-- \/wp:paragraph --><\/p>\n<p><!-- wp:paragraph --><\/p>\n<p><!-- \/wp:paragraph --><\/p>\n<\/div>\n<\/div>\n<p><!-- \/wp:media-text --><\/p>\n<p><!-- wp:heading {\"textAlign\":\"center\",\"level\":4,\"style\":{\"color\":{\"text\":\"#9e0039\"}}} --><\/p>\n<h4 class=\"has-text-align-center has-text-color\" style=\"color: #9e0039;\"><em>Visita de Mar<\/em><\/h4>\n<p><!-- \/wp:heading --><\/p>\n<p><!-- wp:media-text {\"mediaPosition\":\"right\",\"mediaId\":2126,\"mediaLink\":\"https:\/\/vilamorgades.es\/?attachment_id=2126\",\"mediaType\":\"image\",\"mediaWidth\":44} --><\/p>\n<div class=\"wp-block-media-text alignwide has-media-on-the-right is-stacked-on-mobile\" style=\"grid-template-columns: auto 44%;\">\n<figure class=\"wp-block-media-text__media\"><img loading=\"lazy\" decoding=\"async\" width=\"1920\" height=\"2560\" class=\"wp-image-2126 size-full\" src=\"https:\/\/vilamorgades.es\/wp-content\/uploads\/2021\/01\/IMG_20191225_140547-2-scaled.jpg\" alt=\"\" srcset=\"https:\/\/vilamorgades.es\/wp-content\/uploads\/2021\/01\/IMG_20191225_140547-2-scaled.jpg 1920w, https:\/\/vilamorgades.es\/wp-content\/uploads\/2021\/01\/IMG_20191225_140547-2-225x300.jpg 225w\" sizes=\"auto, (max-width: 1920px) 100vw, 1920px\" \/><\/figure>\n<div class=\"wp-block-media-text__content\">\n<p><!-- wp:paragraph --><\/p>\n<p>Aprofitant la nostra proximitat amb el mar (estem a menys de 20 km de Vilanova i la Geltr\u00fa), els proposem un maridatge mar\u00edtim.<\/p>\n<p><!-- \/wp:paragraph --><\/p>\n<p><!-- wp:paragraph --><\/p>\n<p>Qu\u00e8 inclou?<\/p>\n<p><!-- \/wp:paragraph --><\/p>\n<p><!-- wp:list --><\/p>\n<ul>\n<li>Visita al celler, les vinyes i l&#8217;entorn de Cal Vila<\/li>\n<\/ul>\n<p><!-- \/wp:list --><\/p>\n<p><!-- wp:list --><\/p>\n<ul>\n<li>Tast dels caves acompanyats d&#8217;un aperitiu de mar: salm\u00f3 fumat, anxoves, seitons, brandada de bacall\u00e0, etc.<\/li>\n<\/ul>\n<p><!-- \/wp:list --><\/p>\n<p><!-- wp:paragraph --><\/p>\n<p>Preu: 30 \u20ac per persona<\/p>\n<p><!-- \/wp:paragraph --><\/p>\n<p><!-- wp:paragraph --><\/p>\n<p>Reserva a maria@vilamorgades.com o&nbsp;<a href=\"https:\/\/vilamorgades.es\/?page_id=978&amp;lang=ca\">aqu\u00ed<\/a>.<\/p>\n<\/div>\n<\/div>\n<div class=\"wp-block-media-text alignwide is-stacked-on-mobile\" style=\"grid-template-columns: 43% auto;\">\n<div class=\"wp-block-media-text__content\">\n<p><!-- \/wp:paragraph --><\/p>\n<\/div>\n<\/div>\n<p><!-- \/wp:media-text --><\/p>\n<p><!-- wp:paragraph --><\/p>\n<p><!-- \/wp:paragraph --><\/p>\n<p><!-- wp:columns --><\/p>\n<div class=\"wp-block-columns\">\n<p><!-- wp:column --><\/p>\n<div class=\"wp-block-column\">\n<p><!-- wp:heading {\"textAlign\":\"center\",\"level\":4,\"style\":{\"color\":{\"text\":\"#9e0039\"}}} --><\/p>\n<h4 class=\"has-text-align-center has-text-color\" style=\"color: #9e0039;\">Experi\u00e8ncies a Mida<\/h4>\n<p><!-- \/wp:heading --><\/p>\n<p><!-- wp:paragraph --><\/p>\n<p>Organitzem experi\u00e8ncies a mida a partir de 2 persones, escriu-nos al <a href=\"https:\/\/vilamorgades.es\/?page_id=978&amp;lang=ca\">formulari de contacte<\/a> i fes la teva reserva!<\/p>\n<p><!-- \/wp:paragraph --><\/p>\n<\/div>\n<p><!-- \/wp:column --><\/p>\n<p><!-- wp:column --><\/p>\n<div class=\"wp-block-column\">\n<p><!-- wp:heading {\"textAlign\":\"center\",\"level\":4,\"style\":{\"color\":{\"text\":\"#9e0039\"}}} --><\/p>\n<h4 class=\"has-text-align-center has-text-color\" style=\"color: #9e0039;\">Activitats mensuals<\/h4>\n<p><!-- \/wp:heading --><\/p>\n<p><!-- wp:paragraph --><\/p>\n<p>A m\u00e9s, cada mes organitzem activitats (concerts, presentacions, mon\u00f2legs&#8230;), estigues atent al nostre Instagram!<\/p>\n<p><!-- \/wp:paragraph --><\/p>\n<\/div>\n<p><!-- \/wp:column --><\/p>\n<\/div>\n<p><!-- \/wp:columns --><\/p>\t\t\t\t\t\t<\/div>\n\t\t\t\t<\/div>\n\t\t\t\t\t<\/div>\n\t\t<\/div>\n\t\t\t\t\t\t\t<\/div>\n\t\t<\/section>\n\t\t\t\t\t\t\t<\/div>\n\t\t","protected":false},"excerpt":{"rendered":"<p>Gaudeixi amb nosaltres d&#8217;unes experi\u00e8ncies personalitzades en un entorn natural. Idiomes: catal\u00e0, castell\u00e0, angl\u00e8s i itali\u00e0. Horari: 11h &#8211; 13h. &hellip; <\/p>\n","protected":false},"author":1,"featured_media":0,"parent":0,"menu_order":0,"comment_status":"closed","ping_status":"closed","template":"","meta":{"footnotes":""},"class_list":["post-948","page","type-page","status-publish","hentry"],"yoast_head":"<!-- This site is optimized with the Yoast SEO plugin v22.1 - https:\/\/yoast.com\/wordpress\/plugins\/seo\/ -->\n<title>Visites - VILA MORGADES<\/title>\n<meta name=\"description\" content=\"Visita una cava artesanal al mig del Pened\u00e8s. Oferim visites guiades amb maridatge de Formatges artesans, aperitiu de mar, i brunch. Som la cava m\u00e9s petita de la DO Cava.\" \/>\n<meta name=\"robots\" content=\"index, follow, max-snippet:-1, max-image-preview:large, max-video-preview:-1\" \/>\n<link rel=\"canonical\" href=\"https:\/\/vilamorgades.es\/?page_id=948&lang=ca\" \/>\n<meta property=\"og:locale\" content=\"en_US\" \/>\n<meta property=\"og:type\" content=\"article\" \/>\n<meta property=\"og:title\" content=\"Visites - VILA MORGADES\" \/>\n<meta property=\"og:description\" content=\"Visita una cava artesanal al mig del Pened\u00e8s. Oferim visites guiades amb maridatge de Formatges artesans, aperitiu de mar, i brunch. Som la cava m\u00e9s petita de la DO Cava.\" \/>\n<meta property=\"og:url\" content=\"https:\/\/vilamorgades.es\/?page_id=948&amp;lang=ca\" \/>\n<meta property=\"og:site_name\" content=\"VILA MORGADES\" \/>\n<meta property=\"article:modified_time\" content=\"2024-02-28T14:29:13+00:00\" \/>\n<meta property=\"og:image\" content=\"http:\/\/vilamorgades.es\/wp-content\/uploads\/2021\/01\/Cal-Vila-3-scaled.jpg\" \/>\n<meta name=\"twitter:card\" content=\"summary_large_image\" \/>\n<meta name=\"twitter:label1\" content=\"Est. reading time\" \/>\n\t<meta name=\"twitter:data1\" content=\"3 minutes\" \/>\n<script type=\"application\/ld+json\" class=\"yoast-schema-graph\">{\"@context\":\"https:\/\/schema.org\",\"@graph\":[{\"@type\":\"WebPage\",\"@id\":\"https:\/\/vilamorgades.es\/?page_id=948&lang=ca\",\"url\":\"https:\/\/vilamorgades.es\/?page_id=948&lang=ca\",\"name\":\"Visites - VILA MORGADES\",\"isPartOf\":{\"@id\":\"https:\/\/vilamorgades.es\/#website\"},\"datePublished\":\"2021-01-11T08:59:00+00:00\",\"dateModified\":\"2024-02-28T14:29:13+00:00\",\"description\":\"Visita una cava artesanal al mig del Pened\u00e8s. Oferim visites guiades amb maridatge de Formatges artesans, aperitiu de mar, i brunch. Som la cava m\u00e9s petita de la DO Cava.\",\"breadcrumb\":{\"@id\":\"https:\/\/vilamorgades.es\/?page_id=948&lang=ca#breadcrumb\"},\"inLanguage\":\"en-US\",\"potentialAction\":[{\"@type\":\"ReadAction\",\"target\":[\"https:\/\/vilamorgades.es\/?page_id=948&lang=ca\"]}]},{\"@type\":\"BreadcrumbList\",\"@id\":\"https:\/\/vilamorgades.es\/?page_id=948&lang=ca#breadcrumb\",\"itemListElement\":[{\"@type\":\"ListItem\",\"position\":1,\"name\":\"Home\",\"item\":\"https:\/\/vilamorgades.es\/\"},{\"@type\":\"ListItem\",\"position\":2,\"name\":\"Visites\"}]},{\"@type\":\"WebSite\",\"@id\":\"https:\/\/vilamorgades.es\/#website\",\"url\":\"https:\/\/vilamorgades.es\/\",\"name\":\"VILA MORGADES\",\"description\":\"DES DEL S. XVIII\",\"publisher\":{\"@id\":\"https:\/\/vilamorgades.es\/#organization\"},\"potentialAction\":[{\"@type\":\"SearchAction\",\"target\":{\"@type\":\"EntryPoint\",\"urlTemplate\":\"https:\/\/vilamorgades.es\/?s={search_term_string}\"},\"query-input\":\"required name=search_term_string\"}],\"inLanguage\":\"en-US\"},{\"@type\":\"Organization\",\"@id\":\"https:\/\/vilamorgades.es\/#organization\",\"name\":\"Vila Morgades\",\"url\":\"https:\/\/vilamorgades.es\/\",\"logo\":{\"@type\":\"ImageObject\",\"inLanguage\":\"en-US\",\"@id\":\"https:\/\/vilamorgades.es\/#\/schema\/logo\/image\/\",\"url\":\"https:\/\/vilamorgades.es\/wp-content\/uploads\/2021\/12\/Logo-Vila-Morgades.png\",\"contentUrl\":\"https:\/\/vilamorgades.es\/wp-content\/uploads\/2021\/12\/Logo-Vila-Morgades.png\",\"width\":500,\"height\":500,\"caption\":\"Vila Morgades\"},\"image\":{\"@id\":\"https:\/\/vilamorgades.es\/#\/schema\/logo\/image\/\"},\"sameAs\":[\"https:\/\/www.instagram.com\/vila_morgades\/\"]}]}<\/script>\n<!-- \/ Yoast SEO plugin. -->","yoast_head_json":{"title":"Visites - VILA MORGADES","description":"Visita una cava artesanal al mig del Pened\u00e8s. Oferim visites guiades amb maridatge de Formatges artesans, aperitiu de mar, i brunch. Som la cava m\u00e9s petita de la DO Cava.","robots":{"index":"index","follow":"follow","max-snippet":"max-snippet:-1","max-image-preview":"max-image-preview:large","max-video-preview":"max-video-preview:-1"},"canonical":"https:\/\/vilamorgades.es\/?page_id=948&lang=ca","og_locale":"en_US","og_type":"article","og_title":"Visites - VILA MORGADES","og_description":"Visita una cava artesanal al mig del Pened\u00e8s. Oferim visites guiades amb maridatge de Formatges artesans, aperitiu de mar, i brunch. Som la cava m\u00e9s petita de la DO Cava.","og_url":"https:\/\/vilamorgades.es\/?page_id=948&lang=ca","og_site_name":"VILA MORGADES","article_modified_time":"2024-02-28T14:29:13+00:00","og_image":[{"url":"http:\/\/vilamorgades.es\/wp-content\/uploads\/2021\/01\/Cal-Vila-3-scaled.jpg"}],"twitter_card":"summary_large_image","twitter_misc":{"Est. reading time":"3 minutes"},"schema":{"@context":"https:\/\/schema.org","@graph":[{"@type":"WebPage","@id":"https:\/\/vilamorgades.es\/?page_id=948&lang=ca","url":"https:\/\/vilamorgades.es\/?page_id=948&lang=ca","name":"Visites - VILA MORGADES","isPartOf":{"@id":"https:\/\/vilamorgades.es\/#website"},"datePublished":"2021-01-11T08:59:00+00:00","dateModified":"2024-02-28T14:29:13+00:00","description":"Visita una cava artesanal al mig del Pened\u00e8s. Oferim visites guiades amb maridatge de Formatges artesans, aperitiu de mar, i brunch. Som la cava m\u00e9s petita de la DO Cava.","breadcrumb":{"@id":"https:\/\/vilamorgades.es\/?page_id=948&lang=ca#breadcrumb"},"inLanguage":"en-US","potentialAction":[{"@type":"ReadAction","target":["https:\/\/vilamorgades.es\/?page_id=948&lang=ca"]}]},{"@type":"BreadcrumbList","@id":"https:\/\/vilamorgades.es\/?page_id=948&lang=ca#breadcrumb","itemListElement":[{"@type":"ListItem","position":1,"name":"Home","item":"https:\/\/vilamorgades.es\/"},{"@type":"ListItem","position":2,"name":"Visites"}]},{"@type":"WebSite","@id":"https:\/\/vilamorgades.es\/#website","url":"https:\/\/vilamorgades.es\/","name":"VILA MORGADES","description":"DES DEL S. XVIII","publisher":{"@id":"https:\/\/vilamorgades.es\/#organization"},"potentialAction":[{"@type":"SearchAction","target":{"@type":"EntryPoint","urlTemplate":"https:\/\/vilamorgades.es\/?s={search_term_string}"},"query-input":"required name=search_term_string"}],"inLanguage":"en-US"},{"@type":"Organization","@id":"https:\/\/vilamorgades.es\/#organization","name":"Vila Morgades","url":"https:\/\/vilamorgades.es\/","logo":{"@type":"ImageObject","inLanguage":"en-US","@id":"https:\/\/vilamorgades.es\/#\/schema\/logo\/image\/","url":"https:\/\/vilamorgades.es\/wp-content\/uploads\/2021\/12\/Logo-Vila-Morgades.png","contentUrl":"https:\/\/vilamorgades.es\/wp-content\/uploads\/2021\/12\/Logo-Vila-Morgades.png","width":500,"height":500,"caption":"Vila Morgades"},"image":{"@id":"https:\/\/vilamorgades.es\/#\/schema\/logo\/image\/"},"sameAs":["https:\/\/www.instagram.com\/vila_morgades\/"]}]}},"_links":{"self":[{"href":"https:\/\/vilamorgades.es\/index.php?rest_route=\/wp\/v2\/pages\/948","targetHints":{"allow":["GET"]}}],"collection":[{"href":"https:\/\/vilamorgades.es\/index.php?rest_route=\/wp\/v2\/pages"}],"about":[{"href":"https:\/\/vilamorgades.es\/index.php?rest_route=\/wp\/v2\/types\/page"}],"author":[{"embeddable":true,"href":"https:\/\/vilamorgades.es\/index.php?rest_route=\/wp\/v2\/users\/1"}],"replies":[{"embeddable":true,"href":"https:\/\/vilamorgades.es\/index.php?rest_route=%2Fwp%2Fv2%2Fcomments&post=948"}],"version-history":[{"count":114,"href":"https:\/\/vilamorgades.es\/index.php?rest_route=\/wp\/v2\/pages\/948\/revisions"}],"predecessor-version":[{"id":3465,"href":"https:\/\/vilamorgades.es\/index.php?rest_route=\/wp\/v2\/pages\/948\/revisions\/3465"}],"wp:attachment":[{"href":"https:\/\/vilamorgades.es\/index.php?rest_route=%2Fwp%2Fv2%2Fmedia&parent=948"}],"curies":[{"name":"wp","href":"https:\/\/api.w.org\/{rel}","templated":true}]}}